. What is the remainder when x(-6) is divided by d?
4
Calculate the remainder when 24 is divided by 13*(3 - (-4 + 6)).
11
Let r(t) = t + 80. Calculate the remainder when r(-20) is divided by 16.
12
Suppose -3*v - n + 51 + 50 = 0, 2*v = 3*n + 82. Let h = -57 - -76. What is the remainder when v is divided by h?
16
Let z(g) = 5 + 2*g**3 + 1 - 15*g + 17*g + 15*g**2. Calculate the remainder when z(-6) is divided by 15.
12
Let p = 13 - -3. Suppose -3*a + 12*a = 8*a. Suppose 10*u - 771 + 161 = a. Calculate the remainder when u is divided by p.
13
Suppose 2*f - 147 = -a, -451 = -a - 2*a - 4*f. Calculate the remainder when a is divided by 18.
13
Let l = 159 - 74. Calculate the remainder when l is divided by 47.
38
Let y = 841 - 602. What is the remainder when y is divided by 37?
17
Suppose 0 = -0*g + 2*g - 38. Suppose b = -5*a + 23, 0 = 3*b + 8*a - 4*a - 25. What is the remainder when 221/b + (4 - (-42)/(-9)) is divided by g?
16
Suppose -10*y + 297 = -2023. Calculate the remainder when y is divided by 59.
55
Suppose -4*t - 151 = -3*g + 4748, g + 2*t = 1633. Calculate the remainder when g is divided by 38.
37
What is the remainder when 39 is divided by 5 + 2*(-12)/(-4)?
6
Let b(u) = u**2 - 2*u - 6. Let w be (18/12)/((-1)/(-2)). Suppose w*p = 5 + 19. Calculate the remainder when b(-5) is divided by p.
5
Suppose 4*w - 18 = 58. Let x = -8 + w. Suppose -265 = -x*a + 6*a. Calculate the remainder when a is divided by 11.
9
Let k(f) = -8*f + 4. Let n = 2036 - 1982. Calculate the remainder when n is divided by k(-3).
26
Let j(f) = -f**2 + 26*f - 24. Let w be j(18). Suppose -4*i = -9*i + 3*a + w, 3*i + 3*a - 48 = 0. What is the remainder when i is divided by 6?
3
Suppose 0 = q + 5*a + 12, -3*q + 8 = -2*a - 7. Calculate the remainder when 55 is divided by 16/q*42/8.
27
Suppose 16 = -9*l + 13*l. Suppose 54 = -s + l*s. Calculate the remainder when 35 is divided by s.
17
Suppose -4*o = -3*o - 148. Suppose -3*r - r = -o. Suppose -71 = -f - 34*x + 31*x, 213 = 3*f + 5*x. What is the remainder when f is divided by r?
34
Let a(p) = -p**3 - p**2 - p + 34. Suppose 3*m + 4*x - 42 = 0, -5*m + 2*x - 34 = -104. What is the remainder when a(0) is divided by m?
6
Suppose -5*u + 170 = -5*d, -11*u - 133 = -15*u + d. Suppose -3*r = -4*l + 24, -4*r - 1 = -2*l + 1. What is the remainder when u is divided by l?
6
What is the remainder when 130 is divided by (2 - 4)*(-16 + 5)?
20
Suppose -c + 21 = 6*c. Suppose 0*l + c*l - 4*t = 51, -3*l = -t - 42. Calculate the remainder when 33 is divided by l.
7
What is the remainder when (7 + -1 + (-15)/(-12))*4 is divided by 17?
12
Suppose -5*t - 12 = 4*k, 0*k = 5*t + 3*k + 9. Calculate the remainder when 4 + t/(-5) + 22 is divided by 16.
10
Let r be (0 + (-25 - 2))*-1. What is the remainder when 54 is divided by (9/r)/(1/21)?
5
Let t(x) = -x**3 - 6*x**2 - 5*x + 4. Let l be t(-5). Suppose -4*k = 3*u + 18, 0 = u - k + l - 5. Calculate the remainder when 8 is divided by 28/(-42)*(-1 + u).
0
Calculate the remainder when 3/7 - ((-2838)/42 - -8) is divided by 26.
8
Let u be 1 + -1 + -4 + 5. What is the remainder when 8 is divided by (12/24)/(u/6)?
2
Let b be 2/((-8)/(-12)) + 25. Suppose -2*o = 2*z - b, o = z - 0*z - 6. Suppose -z = 2*y - 40. Calculate the remainder when 44 is divided by y.
14
Suppose 3*r + 27 = -3*k + 7*k, -5*r = 4*k - 51. What is the remainder when 11 is divided by k?
2
Let g = 104 + -49. Suppose -g = -4*h + 3*c, 5*h - c = -5*c + 30. What is the remainder when 3 + -5 + -2 + 33 is divided by h?
9
Let h = -23 - 10. Let l = -16 - h. Calculate the remainder when l is divided by 3/(-2)*20/(-6).
2
Let l = 65 - 77. Calculate the remainder when 54/l*36/(-2) is divided by 12.
9
Let i(u) = 7*u**2 + u**2 - 2*u**2 - 4 + 13*u - u**3 - 6*u. Let z be i(5). Calculate the remainder when 69 is divided by 146/8 - 14/z.
15
Calculate the remainder when (172/(-12) - 6)*(-1 + -2) is divided by 34.
27
Let w(y) = -2*y**3 + 3*y + 3. Let n be -1 + 2*(0 - 1). Suppose -10*i + 70 = -100. What is the remainder when w(n) is divided by i?
14
Suppose 0*o + 16 = 4*o. Suppose -2*y = 4*m + 46, -o*y = 4*m + 55 + 45. Calculate the remainder when y/(-45) - (-54)/10 is divided by 2.
0
Let o = 446 + -440. Let p be ((-84)/(-9))/((-1)/(-3)). Calculate the remainder when 1 - (0 - -2 - p) is divided by o.
3
Let h be (-3 - -3 - -18)*4. Suppose -5*m - 3*o = -84 + 2, -4*m = 4*o - h. What is the remainder when m is divided by 4?
2
Suppose -20*o + 863 = 243. Calculate the remainder when o is divided by 3.
1
Let k be (2/5)/(10/100). Suppose -4*s = 3*i - 35, -k*i + 25 = 3*s - 3*i. What is the remainder when s is divided by 4?
0
Let v = 8 - 4. Let i(y) = -y**3 + 14*y**2 - 2*y + 76. Let d be i(14). Suppose -8 + d = v*u. What is the remainder when 18 is divided by u?
8
Let p = 170 + -118. Suppose p - 306 = -2*w. Calculate the remainder when w is divided by 13.
10
Suppose -28*q + 2*f + 56 = -26*q, f + 106 = 4*q. What is the remainder when 509 is divided by q?
15
Let j(k) = k**2 + 2*k - 4. Let v be j(3). Suppose l = -v*l + 372. Calculate the remainder when l is divided by 15 + 1 + 1/1.
14
Suppose -4*v + 2*v - 56 = 0. Let d = v + 39. Suppose 4*h - 2*k = 2*k + 20, 4*k + 4 = 0. What is the remainder when d is divided by h?
3
Let h = 56 + -24. What is the remainder when 119 is divided by h?
23
Suppose 12*v = 106 - 22. Let z = -1 + v. Calculate the remainder when 18 is divided by z.
0
Suppose 14*g - 11*g = 336. Suppose -4*b - 5*n = -g, -3*n = -4*b - 0*n + 112. Suppose -5*p + 117 + 428 = 0. What is the remainder when p is divided by b?
25
Let t = 540 + -396. What is the remainder when t is divided by 52?
40
What is the remainder when (56825/20 - -6) + 5/(-20) is divided by 95?
92
What is the remainder when (9/4)/(60/16960) is divided by 32?
28
Let c = -22 - -28. Let m = c + -2. Suppose -7*r + m*r + 75 = 0. Calculate the remainder when r is divided by 14.
11
Let u(c) = 2 + 2*c - 3*c + 2*c. What is the remainder when u(0) is divided by (-9)/27*-18 + -6 + 2?
0
Suppose -11 = 4*r + 25. Calculate the remainder when 51*(-3 - (r - -4)) is divided by 13.
11
Let t(w) = w - 3. Let q be t(-2). Let g = 16 + q. Calculate the remainder when g is divided by 4.
3
Let a = 1523 + -1476. What is the remainder when 372 is divided by a?
43
Calculate the remainder when 228 is divided by (10 + -5 - -1) + (-3 - -26).
25
Let s(o) = -4*o**2 - o + 11. Let k(a) = -a**2 - 1. Let p(i) = 2*k(i) - s(i). Calculate the remainder when 29 is divided by p(-4).
14
Let i(t) = -t**3 + 9*t**2 - 20*t + 77. What is the remainder when 211 is divided by i(6)?
16
What is the remainder when ((-108)/(-48))/(6/632) is divided by 12?
9
Let o(a) = -16*a + 1. Calculate the remainder when o(-1) is divided by 17.
0
Let c be (-3)/(-2)*(1 - -25). Let q = c + -7. Let j = q + -21. Calculate the remainder when j is divided by 7.
4
Suppose 0*j = j - 25. Suppose -j = -0*o - o. Calculate the remainder when o is divided by 7.
4
Suppose 0 = -3*x + 3*n - 4*n + 37, -4*x - n + 48 = 0. Let j(r) = -3*r**2 + 35*r - 9. Let i = 83 - 73. What is the remainder when j(i) is divided by x?
8
Let r be (-1)/(-3) + (-616)/(-24). Let h = r + -11. Suppose -24 = 4*n - 136. What is the remainder when n is divided by h?
13
Let r = -18 + 16. Let p be -1*-2*r/2. Calculate the remainder when (2 + (p - -1))*23 is divided by 13.
10
Let g = 136 + 21. What is the remainder when g is divided by 18?
13
Suppose -2*u + 93 + 40 = l, 5*u = -l + 334. Calculate the remainder when 396 is divided by u.
61
Let q(b) be the first derivative of -b**2/2 + 12*b - 5. What is the remainder when q(2) is divided by (-1 - -1) + 6 - 0?
4
Let b(z) = z**3 - 2*z**2 + 18*z - 34. What is the remainder when 86 is divided by b(3)?
28
Suppose -14*b = -59 - 557. Calculate the remainder when b is divided by 3.
2
Suppose 3*f = -2*r + 81, 2*f + 0*f + 155 = 5*r. Suppose c - 3 = 5*q - 116, q + 5*c - r = 0. Calculate the remainder when 90 is divided by q.
21
Suppose -a + 6 = 4*p - 6, -2*a = 0. Let q(z) = 19*z - 7. Calculate the remainder when q(p) is divided by 8/20 - 83/(-5).
16
Let n(b) = -b**3 - 26*b**2 - 7*b - 26. Suppose -4*a + 7*a + 63 = -5*z, -4*a - 98 = 2*z. What is the remainder when n(a) is divided by 53?
50
Suppose s - 4*r - 19 = 0, 49 = 3*s - 5*r + r. What is the remainder when 68 is divided by s*(11/5 + (-12